 + 5. Let m = 21 - 18. Let p(w) = -4 - 6*w**2 + w**3 - 5*w + m*w + 11*w. Let i be p(4). What is x(i)?
5
Let l = 2 + 6. Let h(d) = 2*d - 1 + l + 0 + 0*d. Give h(-6).
-5
Let d(w) = 169*w - 57*w - 57*w + 2 - 54*w + 2. Determine d(3).
7
Suppose 2*d + 1 + 1 = 0. Let u(o) = -2. Let w(b) = 1. Let n(g) = 2*u(g) + 7*w(g). Let y(c) = -c + 1. Let t(x) = -2*n(x) + 6*y(x). Determine t(d).
6
Let p(q) = q**2 + 6*q + 3. Let k(s) = 2*s - 6. Let g be k(8). Suppose -4 = -a + 2*x - g, 0 = -x + 1. What is p(a)?
-5
Suppose i + 4 = 1. Let f(t) = -t**3 + 3*t**2 - 6*t + 7. Let x(d) = -2*d**2 + d - 1. Let v(m) = -f(m) - 3*x(m). Give v(i).
-13
Let q(d) be the second derivative of -d**5/20 + 2*d**4/3 + 7*d**3/6 - d**2 + 399*d. Determine q(9).
-20
Let g(a) = 27*a**2 - a - 23*a**2 + 2 - a - a**3. Let o be 1 + 3 - (5 + 20/(-4)). Calculate g(o).
-6
Suppose 32*w - 8 = 28*w. Let r(q) = 2*q**3 + 3*q**2 - 3*q + 3. Give r(w).
25
Let s(o) be the first derivative of 3/2*o**2 - o + 1/3*o**3 - 7. Calculate s(-4).
3
Let o(t) = 3*t - 4. Let w(b) = 3*b - 5. Let s(d) = 3*o(d) - 2*w(d). Let n be -3 - (-35)/(-14)*-2. What is s(n)?
4
Let p = -6 - -2. Let m(f) = f + 145*f**3 - 71*f**3 - 4*f**2 + 0*f - 75*f**3 + 0*f. What is m(p)?
-4
Let b(s) = -6*s - 1. Suppose -4*w + 7 = -1. Let c(d) = w*d - 3*d - 2*d + d + 32. Let y be c(15). Calculate b(y).
-13
Let z(j) = -2*j**2 + 12*j - 5. Suppose g - 21 = -13*x + 10*x, 2*g = 3*x - 12. What is z(x)?
-5
Suppose -21*b + 3 = -20*b. Let h(g) = 3*g**2 - 7*g - 4. What is h(b)?
2
Let w = -1 - 0. Let c(i) be the first derivative of 0*i**3 + 0*i - 3/2*i**4 - 8 + 1/2*i**2. Determine c(w).
5
Let b(o) = 4*o**2 - 2*o - 1. Suppose 2*j - 5 = y, y - 9 = -2*j - 2*y. Calculate b(j).
29
Suppose -6*n = -0*n - 18. Let r(j) = 3*j - 6*j**2 + 0*j**2 + 5*j**2 + n. Determine r(-2).
-7
Let z be (-9)/(-2) + 10/(-20). Suppose z*v - 56 = u, 0*u - 3*u = 0. Let w = 12 - v. Let o(j) = -j**2 + j - 1. Give o(w).
-7
Let h(j) = -15*j**2 - 3*j + 27. Let i(z) = -7*z**2 - 2*z + 13. Let c(s) = 6*h(s) - 13*i(s). What is c(-7)?
-14
Suppose -5*t - 4*g = -33, 3*g + 14 = 20. Let s(y) = -3*y + 8. Give s(t).
-7
Let k be (-9)/6*3/(-90)*1. Let n(c) be the second derivative of -1/3*c**4 - 1/6*c**3 + 0 - k*c**5 + 4*c + 1/2*c**2. What is n(-4)?
5
Let w be -5 - ((-3)/8 + 6/16). Let x(i) = i**3 + 6*i**2 + 6*i + 3. Calculate x(w).
-2
Let x(a) = -a**2 + 26. Suppose 0 = -2*n - 2*v - 10, 0 = 4*n + 26*v - 28*v - 10. Give x(n).
26
Let f be (1 - 2)/((-1)/5). Suppose -41 = -f*l + v, -2*v + 26 = -0*l + 2*l. Let c be (-3)/(1/((-12)/l)). Let x(u) = -u**3 + 4*u**2 + 2*u - 6. Calculate x(c).
2
Let g(x) = x**2 + 1. Let o be g(-2). Let t(z) = 10 - z**3 + o - z**2 - 6 + 0*z**3. Calculate t(0).
9
Let a(i) = -i**2 - i + 3. Let z(v) = -3*v + 5. Let c be z(2). Let w(r) = -1. Let t(d) = c*w(d) - a(d). Give t(0).
-2
Let c(v) = -2*v + 0*v + v**3 - 4*v + 5*v**2 - 6. Suppose 0*x + 2*x - 10 = -5*q, q = 3*x - 15. Let g = x - 11. Calculate c(g).
-6
Suppose 2*a = -0 - 2. Let v be ((-4)/(-8))/(a/2). Let p(i) = -6*i**2 - i + 0*i + 4*i**2 + 3*i**3. What is p(v)?
-4
Let o(q) = q**2 - 2*q - 3. Suppose -4*d = 3*k - 71, 24 = 3*k + d - 32. Suppose -k = -4*s - 5. Let z be (3 + -9 + s)/(-1). What is o(z)?
0
Let k(a) be the second derivative of -a**6/120 + a**5/10 - a**4/6 + a**3/6 + 19*a**2/2 - 6*a. Let d(u) be the first derivative of k(u). Calculate d(5).
6
Let m(q) = 2*q - 6*q + 5*q + 4*q + 7. What is m(-6)?
-23
Let u be (-15)/(-20)*(-280)/(-15). Let r(i) = -i**3 + 13*i**2 + 13*i + 18. What is r(u)?
4
Suppose y - 5*p + 11 = 0, -114*y + 9 = -115*y + 4*p. Let j(i) = -8*i**3 - i**2 + i + 1. Determine j(y).
7
Suppose 3*c = 14 + 1. Let p be 3/9*-1*-36. Let h(u) = p*u - 8 - u**2 - 6*u - c*u. What is h(0)?
-8
Let m = 14 + -22. Let j be (-2 - 20/m)*10. Suppose -5*i + 10*i - 5 = j*p, -p - i = 3. Let h(a) = -2*a**2 + 3*a + 2. Give h(p).
-12
Let w(u) = u - 2. Suppose 0 = 4*q - 2*x + 28, q = x + 25 - 31. What is w(q)?
-10
Let o(i) be the third derivative of -i**8/20160 + i**7/840 + i**6/120 - 3*i**5/20 - i**4/24 + i**2 + 3*i. Let h(y) be the third derivative of o(y). Give h(5).
11
Let f(a) = 2*a**2 - 6*a. Let j(i) = 2*i**2 - 6*i - 1. Let m(w) = -5*f(w) + 6*j(w). Give m(6).
30
Let h(j) = -2*j**2 + 31*j - 57. Let a be h(13). Let k(m) = m**3 - 11*m**2 + 19*m + 2. What is k(a)?
-38
Suppose -130 = 5*x - 15. Let n = -17 - x. Let p(y) = 35*y**3 - 2*y**2 - 5*y**2 - 34*y**3 + 7 + 3*y. Determine p(n).
-11
Let s(m) = m**2 - 17*m + 25. Let k be 5/50 + (-1639)/(-110). What is s(k)?
-5
Let v(h) = 324*h + 510. Let r(z) = 13*z + 20. Let m(d) = -153*r(d) + 6*v(d). Calculate m(1).
-45
Suppose -19*r - 81 = 14. Let j(h) = -h**2 - 9*h - 8. What is j(r)?
12
Let p be ((-21)/84)/((-1)/16). Let l(f) = -3*f + 6. What is l(p)?
-6
Let r(q) = q - 1 + 0*q + q - 8 + 11. What is r(4)?
10
Let g(z) = 2*z. Suppose 4*c = 5*b + 404, 4*c - c - 2*b - 303 = 0. Suppose 53 = -2*x - c. Let t be 1/6 + x/66. Determine g(t).
-2
Let a(b) = 9*b - 8. Let l(z) = 14*z - 12. Let m(x) = -8*a(x) + 5*l(x). Let c(j) = j**2 - 6*j - 33. Let k be c(10). Calculate m(k).
-10
Let d be ((-34)/(-85))/(2/10). Let h(k) = 6*k - 11. Determine h(d).
1
Let r be ((-24)/(-20))/(1/(-15)). Let s = 16 + r. Let q be s - (-3 + 3 + 2). Let m(p) = 2*p + 2. What is m(q)?
-6
Let k(m) = m**3 + 3*m**2 - 2*m. Suppose -5*l - 3*b = -0*b - 16, -27 = -3*l + 4*b. Suppose -l*g + 12 = -5*t + 7*t, -2*g = -3*t - 20. Give k(t).
-8
Let v(p) = -p**2 - 3*p - 1. Let m = 3 + 1. Suppose z - m = -z. Suppose 2*a + 6 = -z. Calculate v(a).
-5
Let a(d) be the third derivative of -d**6/360 + d**5/120 - 5*d**4/8 - 16*d**2. Let u(m) be the second derivative of a(m). What is u(6)?
-11
Let r(z) = 5*z**2 + 4*z - 9. Let n(s) = -81*s**2 - 66*s + 150. Let w(m) = -2*n(m) - 33*r(m). Calculate w(3).
-30
Let q(f) be the second derivative of f**3/2 - f**2/2 - 6*f - 2. What is q(3)?
8
Let x(o) be the first derivative of o**3/3 - 4*o**2 + 12*o - 188. Calculate x(8).
12
Let h(u) = 2*u. Suppose -4*y + 3 = -17. Suppose d + 8 - 14 = 0. Suppose -25 = y*p, -4*m - 2*p = -2*m + d. Give h(m).
4
Let j(m) = -38*m**2 - 1. Suppose -2 = -8*u - 10. Give j(u).
-39
Let q = 16 + -18. Let y(w) = -w**3 + 7*w**2 + 3*w - 1. Let o(k) = k**2. Let z(b) = q*o(b) + y(b). What is z(5)?
14
Let q(x) = 2*x. Let g be -1*(-12)/2 - (3 + -1). Suppose o + 3*c - 21 = -2*c, 0 = -g*o + c. What is q(o)?
2
Let b be (-86)/(-18) - 6/(-27). Let o(u) be the first derivative of 4 + 1/4*u**4 - 4*u + 2*u**2 - 2*u**3. Determine o(b).
-9
Let c(v) = -v**2 + v - 1. Let p(g) = 6*g + 4. Let r(b) = -c(b) + p(b). Determine r(-2).
-1
Let b(w) = -w**2 + 3*w - 2. Suppose 3 + 9 = 4*p. Let h = 74 + -59. Suppose -p*q = 5*a - h, 3*q = 2*q. Determine b(a).
-2
Let n(w) = -292*w - 36. Let f(o) = -56*o - 7. Let d(g) = -31*f(g) + 6*n(g). Suppose -c + 1 = -2*c. Determine d(c).
17
Let q(g) be the third derivative of g**6/120 - g**5/15 + g**4/12 + g**3/6 - 2*g**2. Let y(d) = d**2 + 16*d + 3. Let h be y(0). Determine q(h).
-2
Let g(b) = 23*b**2 - 8*b + 4. Let x(d) = 6*d**2 - 2*d + 1. Let v(a) = -2*g(a) + 9*x(a). Calculate v(1).
7
Let d(t) be the third derivative of t**5/60 + 12*t**2. Let g(v) = -2*v**2 - 4*v - 6. Let b(z) = 3*d(z) + g(z). What is b(5)?
-1
Suppose 4*j + 4 = 0, 8*b - 19 = 3*b - j. Suppose 0*z + b*m - 4 = -2*z, 0 = 5*z - 2*m + 2. Let w(x) = x**3 - x**2 - x + 5. Calculate w(z).
5
Let c(r) = r**2 + r - 8. Let s be c(-4). Suppose j + 1 = s. Let n(y) = 3*y + j*y - 5 - 3*y - y. What is n(6)?
7
Let d(z) be the first derivative of 3*z**2 + z - 52. Calculate d(2).
13
Let z(j) be the first derivative of j**5/60 - j**4/12 + j**3/3 + 3*j**2/2 + 11. Let f(a) be the second derivative of z(a). What is f(2)?
2
Let c(p) = -13 - 3567*p**2 + 3575*p**2 + 2*p + 3 + p**3 + 3*p. What is c(-7)?
4
Let h(r) = -7*r**3 - 5*r**2 - 16*r + 76. Let s(m) = -5*m**3 - 4*m**2 - 12*m + 55. Let b(a) = -8*h(a) + 11*s(a). Suppose 0 = 3*v - 0*v - 15. Calculate b(v).
2
Let h(m) = m**3 + 5*m**2 + 7*m + 6. Let y(r) = -26*r + 4 + 26*r - r**3 - 4*r**2. Let n be y(-2). Give h(n).
-6
Let d be (0 - 0/1) + 1. Let p(i) be the third derivative of 7*i**6/40 + i**4/24 - i**3/6 - 19*i**2 + 74. What is p(d)?
21
Suppose -42*f + 25*f = -102. Let k(r) = -r**2 - 5*r + 13. Give k(f).
-53
Let c(f) be the first derivative of f**4/4 - 8*f**3/3 - 4*f**2 + 8*f - 302. Determine c(9).
17
Let